common divisor of 17149 and 143.
11
What is the highest common divisor of 32 and 509920?
32
What is the greatest common factor of 9032 and 8?
8
What is the highest common factor of 519 and 634910?
173
Calculate the highest common factor of 329251 and 7267.
559
Calculate the highest common factor of 43 and 739127.
43
What is the highest common divisor of 64989 and 319?
29
What is the highest common divisor of 1460 and 441212?
292
Calculate the greatest common divisor of 12 and 116148.
12
Calculate the greatest common divisor of 5525690 and 10.
10
What is the highest common divisor of 169 and 9711?
13
What is the greatest common factor of 49 and 192815?
49
What is the greatest common factor of 2489 and 8384?
131
What is the highest common divisor of 244080 and 1800?
360
Calculate the highest common factor of 3410 and 4030.
310
Calculate the highest common divisor of 37770 and 120.
30
Calculate the highest common factor of 1251 and 48511.
139
Calculate the greatest common divisor of 25588 and 144.
4
Calculate the greatest common factor of 756 and 273.
21
Calculate the highest common factor of 1773 and 468.
9
What is the highest common factor of 305491 and 533?
41
What is the greatest common factor of 4587 and 7?
1
What is the greatest common factor of 18 and 72801?
9
What is the greatest common divisor of 19499 and 127687?
629
Calculate the highest common divisor of 541637 and 119.
17
What is the greatest common divisor of 1782 and 72?
18
What is the greatest common divisor of 127284 and 132?
12
Calculate the greatest common divisor of 398316 and 19.
19
What is the greatest common divisor of 360883 and 1282?
641
Calculate the greatest common factor of 414 and 906.
6
Calculate the greatest common factor of 15071 and 28.
7
Calculate the greatest common factor of 917 and 8701.
7
What is the greatest common divisor of 116586 and 204?
102
Calculate the greatest common factor of 141780 and 306.
102
Calculate the highest common divisor of 46597 and 2380.
17
Calculate the highest common divisor of 1271 and 3854.
41
What is the highest common divisor of 63328 and 1168?
16
Calculate the greatest common divisor of 98325 and 23.
23
What is the highest common factor of 89427 and 26?
13
What is the highest common divisor of 29232 and 1305?
261
What is the highest common divisor of 5456 and 408208?
496
Calculate the greatest common divisor of 72 and 405756.
36
What is the greatest common factor of 3219 and 3552?
111
What is the greatest common divisor of 380862 and 12?
6
What is the greatest common divisor of 4071 and 12765?
69
Calculate the greatest common factor of 1225 and 110495.
245
Calculate the highest common factor of 58 and 2576911.
29
Calculate the greatest common divisor of 572 and 28496.
52
Calculate the greatest common divisor of 465279 and 930.
93
Calculate the greatest common factor of 2514 and 681294.
2514
What is the highest common factor of 94694 and 419?
419
Calculate the highest common divisor of 77464 and 460.
92
Calculate the greatest common divisor of 17110 and 59.
59
Calculate the highest common factor of 167688 and 16166.
274
Calculate the highest common factor of 2565 and 2025.
135
What is the highest common factor of 7711330 and 110?
110
What is the highest common factor of 2300 and 134090?
230
Calculate the greatest common divisor of 1855 and 1980027.
371
What is the highest common divisor of 59700 and 270?
30
What is the highest common factor of 8482311 and 9?
9
What is the greatest common factor of 15714 and 1134?
162
What is the greatest common factor of 4264 and 17582604?
2132
What is the greatest common factor of 2820 and 60?
60
What is the greatest common divisor of 50661 and 13?
13
Calculate the highest common factor of 567 and 175.
7
What is the greatest common factor of 6156 and 26244?
324
What is the greatest common divisor of 318080 and 1760?
160
What is the highest common divisor of 300725 and 46?
23
Calculate the highest common divisor of 363 and 3531.
33
Calculate the greatest common divisor of 12090 and 480.
30
Calculate the highest common divisor of 120 and 2998.
2
What is the greatest common factor of 286769 and 6347?
577
What is the greatest common factor of 1320 and 10956?
132
What is the greatest common factor of 5551 and 4550?
91
What is the greatest common divisor of 559 and 2967?
43
Calculate the greatest common divisor of 217723 and 44.
11
Calculate the highest common divisor of 37 and 307766.
37
Calculate the greatest common factor of 27824 and 5328.
592
Calculate the highest common factor of 5333633 and 1607.
1607
Calculate the highest common factor of 1508 and 335153.
377
Calculate the greatest common divisor of 325 and 34375.
25
Calculate the highest common divisor of 1580 and 110205.
395
Calculate the highest common divisor of 33 and 91245.
33
What is the greatest common factor of 216 and 25470?
18
Calculate the greatest common divisor of 49 and 98539.
49
Calculate the highest common factor of 41821 and 117.
13
What is the greatest common divisor of 580 and 3880?
20
Calculate the greatest common divisor of 123952 and 160528.
2032
What is the highest common factor of 99129 and 2865?
573
Calculate the greatest common factor of 12 and 30796.
4
What is the highest common factor of 15 and 35065?
5
Calculate the greatest common factor of 131806 and 118.
118
What is the highest common divisor of 57 and 54454?
19
What is the highest common factor of 46986 and 492?
246
Calculate the highest common divisor of 24 and 2955.
3
Calculate the highest common divisor of 55369 and 34.
17
What is the greatest common divisor of 1737 and 18721?
193
What is the greatest common divisor of 8240 and 16780?
20
What is the highest common factor of 5920 and 1736?
8
What is the highest common divisor of 4040 and 1480?
40
Calculate the highest common factor of 1927650 and 60.
30
What is the highest common factor of 135415 and 689?
53
Calculate the highest common divisor of 82 and 6490.
2
What is the highest common factor of 107965 and 1235?
65
What is the greatest common divisor of 19620 and 3180?
60
Calculate the highest common divisor of 3997 and 17701.
571
What is the greatest common factor of 13101 and 27?
3
Calculate the highest common factor of 2552 and 117568.
88
Calculate the highest common factor of 515 and 99395.
515
Calculate the highest common divisor of 1582 and 3066.
14
What is the highest common factor of 5148 and 110968?
572
What is the highest common divisor of 806744 and 496?
248
Calculate the highest common factor of 24 and 29100.
12
Calculate the greatest common factor of 2514428 and 623.
623
Calculate the greatest common factor of 126 and 67554.
18
What is the greatest common divisor of 15 and 87465?
15
Calculate the greatest common factor of 687 and 1168587.
687
Calculate the highest common factor of 199194 and 102.
6
Calculate the highest common divisor of 4411 and 1474477.
401
What is the highest common divisor of 19 and 363413?
19
What is the greatest common factor of 123 and 76342?
41
Calculate the highest common factor of 48786 and 3008.
94
What is the highest common factor of 12222 and 1199114?
1358
Calculate the greatest common divisor of 69649 and 867.
289
Calculate the highest common factor of 339 and 6852.
3
What is the greatest common divisor of 270 and 221670?
270
Calculate the greatest common factor of 60 and 29460.
60
What is the greatest common factor of 64 and 398456?
8
What is the greatest common factor of 6165 and 180?
45
What is the highest common divisor of 8465 and 85?
5
Calculate the highest common factor of 691335 and 135.
135
Calculate the highest common factor of 164 and 1116266.
82
Calculate the greatest common divisor of 49735 and 145.
145
What is the highest common factor of 102 and 800598?
102
Calculate the highest common divisor of 348 and 3003008.
116
Calculate the highest common divisor of 1821 and 339.
3
What is the highest common divisor of 1405584 and 4767?
681
What is the greatest common factor of 68497 and 91?
13
What is the greatest common divisor of 27872 and 544?
32
Calculate the highest common divisor of 23512 and 56.
8
What is the greatest common factor of 60 and 1114440?
60
What is the greatest common factor of 1310 and 150?
10
What is the highest common factor of 7